 Let z = 336 - 324. Let v be g(z). Give n(v).
6
Let q(z) = 7 - 4*z - 11 - 4*z + 5. Let l(f) = -9*f + 1. Let s(a) = 3*l(a) - 4*q(a). Calculate s(9).
44
Let v(u) = 672*u + 673*u + 18 + 674*u - 1 - 9 - 2027*u. Suppose -4*z - k - 3 = 4*k, 0 = 2*z + 4*k + 6. Give v(z).
-16
Let x(m) = m**2 + 2*m + 3. Let p(q) = -5*q**2 - 2*q - 17. Let i(y) = y - 1. Let a(k) = 4*i(k) - p(k). Let v(c) = -2*a(c) + 9*x(c). Give v(6).
1
Let i(v) be the third derivative of -v**5/60 - v**4/12 - v**3/2 + 2*v**2. Let h = -193492 - -193489. Calculate i(h).
-6
Let y(b) = -b**3 + 2*b**2 + 1. Let c(z) be the first derivative of z**3/3 + 3*z**2/2 + 4*z - 100. Let s be c(-2). Determine y(s).
1
Let v(f) be the second derivative of f**4/12 - f**3 - 7*f**2/2 + 4*f. Let o = 221 - 191. Suppose -18*r + 13*r + o = 0. Determine v(r).
-7
Let q(v) be the first derivative of v**4/4 - 4*v**3 + 15*v**2 - 16*v + 2655. What is q(8)?
-32
Let t(k) = 7*k - 7. Let v(y) = 8*y - 8. Let f(z) = -7*t(z) + 6*v(z). Suppose 5*a - 7 = 8. Suppose -4*p - 5*m - 5 = 0, 2*m = -a*p + 30 - 32. What is f(p)?
1
Let r(l) = -4*l + 145. Let w be r(38). Let k(v) = -v**2 - 12*v - 23. Give k(w).
12
Let c(b) = -795 + 3*b - 8*b**2 - 3*b**3 + b**3 + 798. Let q be c(-4). Let w(n) = 5 + 3*n**2 - 2*n**2 + 7 - 1 + 11*n. What is w(q)?
-7
Let b(q) be the first derivative of -q**7/420 - q**6/360 - q**5/60 + q**4/24 - 2*q**3/3 + 2*q - 45. Let h(s) be the third derivative of b(s). Determine h(2).
-23
Let w be (5 - (16 - 10))/((-2)/(-6)). Let v(l) = -7*l**2 + 7*l + 6. Let o(f) = 13*f**2 - 13*f - 12. Let r(x) = -6*o(x) - 11*v(x). What is r(w)?
-6
Let g(x) = -506*x - 4551. Let t be g(-9). Let n(z) = -3*z**2 + 5*z + 3 - 3*z - 5*z. Determine n(t).
-33
Let c(a) = -a**2 + 3*a - 4. Let n = 22 - 18. Let d be 2/((-3 + n)/23). Let z = d + -43. Calculate c(z).
-4
Suppose -5*y + 5*v = 4*v + 162, -51 = 2*y - 5*v. Let n be y/(-12) + (-3)/4. Let c(i) = 39 - n*i**2 + 7*i + 0*i**2 + i**2 - 32. Determine c(7).
7
Let x(n) = -5*n - 2. Let f(b) = -b**2 - 29*b - 123. Let r be f(-24). Let g(a) = -2*a + 1. Let h(i) = r*g(i) - x(i). Calculate h(-2).
-23
Let q(l) be the second derivative of l**6/720 - l**5/120 - l**4/12 - 3*l**2/2 - 5*l + 5. Let j(t) be the third derivative of q(t). Determine j(10).
9
Let z(v) = 37 - 11238*v**2 + 11237*v**2 + 1 + 21 + 9*v. Give z(-6).
-31
Let u(z) = -z**2 + 11*z - 14. Let b be u(2). Let y(v) = -6*v - 1. Let s(d) = 5*d. Let a(h) = 4*s(h) + 5*y(h). Calculate a(b).
-45
Suppose -7 = -2*z - 3. Suppose -24 = -4*r + 4*f, 4*r = z*f - f + 15. Suppose -4*l - 28 = -4*v, 13 = 5*v - r*l - 22. Let u(s) = -s**2 + 6*s + 8. Calculate u(v).
1
Let a(u) be the third derivative of u**6/120 + u**5/20 + u**4/24 + 2*u**3/3 - 172*u**2. Let j(p) = 3*p**2 + p. Let w(r) = -a(r) - j(r). Calculate w(-6).
8
Let u be 15*(-4)/8*22/33. Let k(z) = 4*z**3 + 4*z**2 - 9*z. Let v(i) = -5*i**3 - 4*i**2 + 10*i - 1. Let f(y) = -4*k(y) - 3*v(y). What is f(u)?
-2
Let k(w) be the third derivative of 1/8*w**4 - 39*w**2 - 2 + 0*w - 3/2*w**3. Suppose -21 = 4*a - 5, 3*q + a - 14 = 0. Calculate k(q).
9
Let p = -1782 - -1788. Let u(h) = h - 3. Give u(p).
3
Let c(a) = 5*a + a**3 - 21*a - 11*a**2 + a + 15. Calculate c(12).
-21
Let p be 2/5 + (-132)/(-20). Let k(t) = -23*t**2 + 9*t - 5. Let l(s) = -165*s**2 + 66*s - 36. Let x(w) = 43*k(w) - 6*l(w). Determine x(p).
-13
Let u(o) = -2*o**2 - o - 1. Suppose 7*g - 42 + 28 = 0. Calculate u(g).
-11
Let n(c) = 3*c + 4. Let p(r) = -5*r + 12*r + 7*r + 35 + 7*r + 4*r. Let v(f) = -51*n(f) + 6*p(f). What is v(2)?
0
Let q(f) = -110*f**2 - 33*f + 15. Let y(i) = -52*i**2 - 16*i + 7. Let g(m) = -6*q(m) + 13*y(m). What is g(-1)?
-5
Let n(j) = j**3 - 145*j**2 - 597*j - 6. Let z be n(-4). Let t(u) = -3*u**3 - 2*u**2 - 4. Give t(z).
12
Let d(u) = u**3 + 4*u**2 - 6*u - 7. Let c(y) = -4*y**3 - y. Let g be c(-1). Suppose -21*s + 140 = 56. Suppose 2*l = -g*r - 33, -s*r - 12 = -l - l. Give d(r).
-2
Let g be 4966/12415*((-2)/(8/50))/(-1). Let d(r) = 4 + r - r - 2*r. Calculate d(g).
-6
Let u(s) = -s**2 - 7*s. Let n be (-39)/(-26) + (4 - 31/2). Give u(n).
-30
Let o(w) be the first derivative of -w**3/3 - 9*w**2/2 - 6*w - 55. Let d(m) = m**2 + 8*m + 5. Let z(j) = 5*d(j) + 4*o(j). Determine z(-2).
-3
Let y(j) be the second derivative of j**3/3 - j**2 + 2*j. Let f(k) = -k**3 - 30*k**2 - 30*k + 44. Let t be f(-29). Suppose -8*n - 57 = -t. Calculate y(n).
2
Let y(m) = m - 2. Suppose f = 3*f - 26. Let z be (1/3)/(5/45). Suppose 1 = -z*i + f. Calculate y(i).
2
Let j(a) = -4 - 6*a + 5*a - a. Let u be j(-3). Let n(f) be the second derivative of f**5/20 - f**4/12 - f**3/6 - f**2 - 18*f. Give n(u).
0
Suppose 12*k = 97 - 49. Suppose -k*l + 6*l = 5*s - 47, 0 = 5*s + 3*l - 67. Let r(n) = -n**3 + 11*n**2 - n + 5. Give r(s).
-6
Let x(h) be the second derivative of -h**6/720 + 7*h**5/120 - 23*h**4/12 + h**3/2 - 3*h + 9. Let a(p) be the third derivative of x(p). What is a(-6)?
13
Let r(x) = -x - 6*x - 8 + 4*x. Let g be -16 + 0 + (-13 - (-5 - 14)). What is r(g)?
22
Let y(o) = -o**3 - 4*o**2 - 3*o - 13. Let z be y(-7). Let n = 150 - z. Let l(d) = d + 4*d - 6*d. Determine l(n).
5
Let j(c) be the third derivative of -3/8*c**4 + 2*c**3 - 1/120*c**6 + 0 + 0*c + 7/60*c**5 - 90*c**2. What is j(6)?
-6
Let o(h) = 14*h**2 + 996 - 6*h - 10*h + h**3 - 1966 + 4*h + 1024. Determine o(-15).
9
Let h(j) be the third derivative of -j**4/24 - 5*j**3/6 + 5*j**2. Suppose -48*v + 96 = -56*v. Let f be (-52)/65 - v/15. What is h(f)?
-5
Let i be (-19)/76 + 74/8. Let o be i*(4/12 + -1). Let d(t) be the third derivative of t**5/60 + 3*t**4/8 + 4*t**3/3 + 8*t**2 - 2. Determine d(o).
-10
Let y(a) = -2*a**3 + 24*a**2 + 53*a + 44. Let p be y(14). Let w(r) = r**2 - 5. What is w(p)?
-1
Let a(l) = -246 + 2*l**2 + 123 - 5*l - l**2 + 112. Let p(k) = -k + 2. Let i be p(-5). Let o be a(i). Let f(c) = c + 1. Calculate f(o).
4
Let q(v) = 299*v**2 + 2*v - 17. Let c(i) = -50*i**2 - i + 2. Let o(y) = 6*c(y) + q(y). Suppose 0 = -5*x - 45 + 15. Give o(x).
-17
Let u = 4 - 0. Let s(p) = u*p + 786 - 260 - 261 - 259. Determine s(5).
26
Let w(x) = -2 - x**3 - 44*x - 2*x**2 - 3*x**2 + 41*x. Let t = 260 + -264. Determine w(t).
-6
Let m(z) = -11 + 66*z + 339*z**2 - 670*z**2 + 326*z**2 + 2. What is m(13)?
4
Let s(b) be the second derivative of -2*b**3/3 + 2*b**2 - b. Let m = -3132 - -3134. What is s(m)?
-4
Let c(b) = -b**3 - 10*b**2 - 25*b - 20. Let s = 5798 + -5804. What is c(s)?
-14
Let s = 71 + -108. Let m = s - -39. Let a(z) = m*z + 3*z - 4*z + 3 - 4*z. What is a(-4)?
15
Let z(i) = -17*i + 271 + 78 + 4*i + 27*i - 63*i. Give z(7).
6
Let b(x) be the third derivative of 11*x**5/60 - x**4/12 - 2*x**3/3 - 608*x**2. What is b(3)?
89
Let z(p) = -21*p + 41. Let v(m) = 5*m - 10. Let g(l) = 9*v(l) + 2*z(l). Let u = -361 + 366. What is g(u)?
7
Let w(c) be the second derivative of 3*c**5/20 - 19*c**4/12 - 2*c**3/3 + 33*c**2 + 14*c + 290. What is w(6)?
6
Suppose -3*v + 11 = -2*k + 1, -k - 12 = -5*v. Let m be 0/((5 - (4 + v)) + -3). Let o(u) = -2*u + 23. Give o(m).
23
Let o(j) be the second derivative of 1/2*j**2 + 55*j - 1/3*j**3 + 0. Give o(-2).
5
Let z(o) be the first derivative of -8*o - 1/2*o**2 - 120. Suppose -b - 8 = -2*y + 3, -4*y = -3*b - 27. What is z(b)?
-3
Suppose 4*b - 3*t + 53 = 0, t + 7 = 5*b + 76. Let f(v) = 18*v + 247. Let k be f(b). Let c(y) = 5*y - 2*y - y + 3. Determine c(k).
-7
Suppose b + 29 - 30 = -5*x, -18 = 2*x + 5*b. Let h(i) = 10*i**2 - i. What is h(x)?
9
Let l(n) be the first derivative of 9/2*n**2 + 2*n**3 - 251 - 1/4*n**4 - 16*n. What is l(7)?
-2
Suppose -k - 3*s = -22, -5*k - 8*s = 56 - 166. Let v(t) be the first derivative of -k - 1/4*t**4 + t**2 + 2*t**3 + 0*t. Calculate v(6).
12
Let m(x) = -2 + 13*x + 18*x**2 - 167*x**3 + 73*x**3 + 96*x**3. Calculate m(-8).
22
Let f(k) = -k**2 - 3*k. Let t be f(-4). Let z(s) = 4 - 3 + 0 - 20*s - 2*s**2 - 3*s + 19*s. Determine z(t).
-15
Let c(m) = 2*m**2 - 15*m + 10. Suppose 2*l - 7 = -5*d, 161 = -3*l - 4*d + 175. Give c(l).
-8
Let u(n) = 11*n**2 + 22*n**2 + 7*n - 3 - 9 - 49*n**2 + 15*n**2. Calculate u(11).
-56
Let i(q) = -q**2 + 13*q - 28. Suppose -7*j + 3*j - 2*x = -36, -3*j + 17 = 4*x. Give i(j).
-6
Let h(o) = o**3 + 8*o**2 - 10*o + 22. Let f be h(-9). Let i = -25 + f. Suppose -3*m - i = -0. Let j(l) = -l**2 - 2*l - 3. What is j(m)?
-3
Let y(l) = -9*l**3 - 5*l**2 - 1